{"id":35,"date":"2014-11-30T13:20:57","date_gmt":"2014-11-30T13:20:57","guid":{"rendered":"http:\/\/ampa.agmundet.es\/?page_id=35"},"modified":"2024-09-05T16:10:42","modified_gmt":"2024-09-05T16:10:42","slug":"contacte","status":"publish","type":"page","link":"https:\/\/ampa.agmundet.es\/?page_id=35","title":{"rendered":"Contacte"},"content":{"rendered":"<p>La Associaci\u00f3 est\u00e0 present en el Consell Escolar del Centre, b\u00e9 a trav\u00e9s d&#8217;un representant designat per aquesta, b\u00e9 pels restants representants dels pares d&#8217;alumnes, que s\u00f3n membres de la Junta de l&#8217;Associaci\u00f3.<\/p>\n<p>A m\u00e9s a m\u00e9s la Junta es reuneix mensualment. L\u2019AFA utilitza un local del centre per a les activitats pr\u00f2pies.<\/p>\n<p>Una vegada a l\u2019any, regularment en el primer trimestre del curs escolar, se celebra l\u2019Assemblea general ordin\u00e0ria de l&#8217;Associaci\u00f3.<\/p>\n<p>Per a qualsevol consulta poseu-vos en contacte amb nosaltres a trav\u00e9s de l&#8217;adre\u00e7a de correu electr\u00f2nic:<\/p>\n<p><strong>afa@agmundet.es<\/strong>. Per dubtes generals i inscripcions soci\/a a l\u2019AFA.<\/p>\n<p><strong>afa-taquilles@agmundet.es<\/strong>. Per gesti\u00f3 de taquilles.<\/p>\n<p><strong>afa-menjador@agmundet.es<\/strong>. Per\u00a0gesti\u00f3 de menjador.<\/p>\n<p><strong>afa-extraescolars@agmundet.es<\/strong>. Per\u00a0gesti\u00f3 d\u2019activitats extraescolars.<\/p>\n<p><strong>afa-robaesportiva@agmundet.es<\/strong>. Per gesti\u00f3 de roba esportiva.<\/p>\n<p><span style=\"font-family: verdana, geneva, sans-serif; font-size: 12pt;\"><strong>COMPTE CORRENT AFA<\/strong><\/span><\/p>\n<p><span style=\"font-family: verdana, geneva, sans-serif; font-size: 12pt;\"><strong> IBAN\u00a0\u00a0<\/strong><\/span><span style=\"font-family: verdana, geneva, sans-serif; font-size: 12pt;\"><strong>ES11 0049 1944 26 2310019659<\/strong><\/span><\/p>\n","protected":false},"excerpt":{"rendered":"<p>La Associaci\u00f3 est\u00e0 present en el Consell Escolar del Centre, b\u00e9 a trav\u00e9s d&#8217;un representant designat per aquesta, b\u00e9 pels restants representants dels pares d&#8217;alumnes, que s\u00f3n membres de la Junta de l&#8217;Associaci\u00f3. A m\u00e9s a m\u00e9s la Junta es reuneix mensualment. L\u2019AFA utilitza un local del centre per a les activitats pr\u00f2pies. Una vegada a l\u2019any, regularment en el<\/p>\n","protected":false},"author":1,"featured_media":0,"parent":0,"menu_order":0,"comment_status":"closed","ping_status":"open","template":"","meta":{"footnotes":""},"class_list":["post-35","page","type-page","status-publish","hentry"],"wppr_data":{"cwp_meta_box_check":"No","cwp_rev_product_name":"","cwp_rev_product_image":"","cwp_image_link":"image","cwp_rev_price":""},"post_mailing_queue_ids":[],"_links":{"self":[{"href":"https:\/\/ampa.agmundet.es\/index.php?rest_route=\/wp\/v2\/pages\/35","targetHints":{"allow":["GET"]}}],"collection":[{"href":"https:\/\/ampa.agmundet.es\/index.php?rest_route=\/wp\/v2\/pages"}],"about":[{"href":"https:\/\/ampa.agmundet.es\/index.php?rest_route=\/wp\/v2\/types\/page"}],"author":[{"embeddable":true,"href":"https:\/\/ampa.agmundet.es\/index.php?rest_route=\/wp\/v2\/users\/1"}],"replies":[{"embeddable":true,"href":"https:\/\/ampa.agmundet.es\/index.php?rest_route=%2Fwp%2Fv2%2Fcomments&post=35"}],"version-history":[{"count":23,"href":"https:\/\/ampa.agmundet.es\/index.php?rest_route=\/wp\/v2\/pages\/35\/revisions"}],"predecessor-version":[{"id":3230,"href":"https:\/\/ampa.agmundet.es\/index.php?rest_route=\/wp\/v2\/pages\/35\/revisions\/3230"}],"wp:attachment":[{"href":"https:\/\/ampa.agmundet.es\/index.php?rest_route=%2Fwp%2Fv2%2Fmedia&parent=35"}],"curies":[{"name":"wp","href":"https:\/\/api.w.org\/{rel}","templated":true}]}}